s 41 + 44220331?
44220422
In base 7, what is -644644 + -1032?
-646006
In base 15, what is -51380 + 15?
-5136a
In base 4, what is -11313 + 1001102131?
1001030212
In base 14, what is 2 - -1a6cbd?
1a6cc1
In base 3, what is 2001222 - -2220101022?
2222110021
In base 11, what is -1382 + 75593?
74211
In base 13, what is -2c21 + ba5?
-2049
In base 4, what is -3120332232133 - -10?
-3120332232123
In base 4, what is 3232013 - 11102?
3220311
In base 2, what is -101100010000 + -10001101010?
-111101111010
In base 14, what is -516 + 529a?
4b84
In base 10, what is 11356661 + -16?
11356645
In base 13, what is 23 + 7520aa?
752100
In base 12, what is -2672b9663 - 3?
-2672b9666
In base 16, what is 65df + 10b?
66ea
In base 2, what is -101100 + -100001010000100101110111?
-100001010000100110100011
In base 7, what is -124434 - 5303?
-133040
In base 16, what is -b - -2307736?
230772b
In base 16, what is -3 - -84791?
8478e
In base 8, what is 252024 + 1352?
253376
In base 11, what is 446 - -19a287?
19a722
In base 12, what is 45b + 3b62?
4401
In base 16, what is 5185 - 26a?
4f1b
In base 13, what is -3880671 + -c?
-3880680
In base 2, what is 100 - -1011111010111010001101111?
1011111010111010001110011
In base 7, what is 6660204154 + 5?
6660204162
In base 11, what is -203 + -90410?
-90613
In base 5, what is 44144032 - -13?
44144100
In base 6, what is 425 - -521313?
522142
In base 7, what is -5624200 - 242?
-5624442
In base 11, what is -8266 + 302?
-7a64
In base 8, what is 133 + -5477177?
-5477044
In base 12, what is -70 + -3b25a?
-3b30a
In base 5, what is -14 - 1441301133?
-1441301202
In base 11, what is -173a520 + -5?
-173a525
In base 9, what is -101440 - -2362?
-88067
In base 4, what is -200233211 + 1122?
-200232023
In base 2, what is 100 - -110100001101001111100001100?
110100001101001111100010000
In base 4, what is -21211203 + 100023?
-21111120
In base 4, what is 0 - -213222233023?
213222233023
In base 13, what is 2 + -1124a9a4?
-1124a9a2
In base 9, what is 35 + 1415880?
1416025
In base 2, what is -10010101100011111 + -1011?
-10010101100101010
In base 13, what is -38 - 25695c?
-256997
In base 7, what is 3365 - -321146?
324544
In base 3, what is -2 - 1202020002010001?
-1202020002010010
In base 15, what is -29 - 74eb?
-7525
In base 14, what is 5 + 1b36039?
1b36040
In base 2, what is -100 + 1001000111110000111000?
1001000111110000110100
In base 2, what is 1100100111 + 100101001101101?
100110110010100
In base 4, what is 22100223 + -3320022?
12120201
In base 9, what is 1745 - 30163?
-27317
In base 15, what is -c + -346b71?
-346b7d
In base 16, what is 2 - 4c49cc?
-4c49ca
In base 4, what is 0 - 3211100112?
-3211100112
In base 2, what is -11 + -101000000000000101111101?
-101000000000000110000000
In base 4, what is 10 + -21020320031100?
-21020320031030
In base 10, what is 191711506 - 3?
191711503
In base 10, what is 3126 - -103293?
106419
In base 14, what is 149337c1 - 3?
149337bc
In base 15, what is 3 - -247896b?
247896e
In base 5, what is 3112 + 11112122?
11120234
In base 15, what is -a0 - -32cd?
322d
In base 13, what is -8618 - -28b?
-835a
In base 2, what is 1000001000111111101011011100 + 101?
1000001000111111101011100001
In base 6, what is 15 + 3343535?
3343554
In base 2, what is 101000001100 - -100110001100010?
101011001101110
In base 11, what is -546a559a - 0?
-546a559a
In base 10, what is 11 - 1654163?
-1654152
In base 9, what is 284010 + 837?
284847
In base 10, what is 82 + 62699?
62781
In base 12, what is 2 - -4b560?
4b562
In base 3, what is 11020201000000221 + -2?
11020201000000212
In base 2, what is 1100001010010011 + 101111?
1100001011000010
In base 16, what is -5 - bb0e70?
-bb0e75
In base 4, what is 3133123130 - -13?
3133123203
In base 3, what is 2102211011012112100 + 10?
2102211011012112110
In base 13, what is -b43 - 134a9?
-1431c
In base 16, what is 354 + c844?
cb98
In base 16, what is -1694c3 - 7?
-1694ca
In base 14, what is -4 - -13333d5c?
13333d58
In base 15, what is -4e0c2d9 + 0?
-4e0c2d9
In base 16, what is 8 - -12cc67e?
12cc686
In base 16, what is -b7ca - -cc0?
-ab0a
In base 10, what is -865002 + -15?
-865017
In base 13, what is -406 - 3c21?
-4327
In base 6, what is -1243110 + 3153?
-1235513
In base 11, what is 33054 - -13a4?
34448
In base 9, what is 17 - -5808583?
5808611
In base 12, what is 9 - 23103604?
-231035b7
In base 15, what is -19a - b5b5?
-b760
In base 7, what is 425663 - 10165?
415465
In base 11, what is -3990565 + 9?
-3990557
In base 6, what is -3423522243 - -2?
-3423522241
In base 7, what is 116115633 + 11?
116115644
In base 13, what is 57 - -a751?
a7a8
In base 15, what is 2bab712 - -8?
2bab71a
In base 6, what is -11455550455 - -2?
-11455550453
In base 13, what is -31c3 - -bc?
-3104
In base 8, what is -23025 - 654?
-23701
In base 11, what is 188 + -489437?
-48925a
In base 10, what is 1 - -2998371?
2998372
In base 8, what is 3 + 152113237?
152113242
In base 10, what is -5 + -25838837?
-25838842
In base 10, what is -2514615 - -11?
-2514604
In base 16, what is -9292a - 93?
-929bd
In base 6, what is -21534 + -531?
-22505
In base 7, what is 4504 + -406414?
-401610
In base 2, what is -1 + 101010011001110100100001001?
101010011001110100100001000
In base 2, what is 1101010 - -1100101?
11001111
In base 4, what is 211210233 + 13?
211210312
In base 4, what is 21312122210 + -3011?
21312113133
In base 8, what is 125 + 3046033?
3046160
In base 6, what is -334050114 - 0?
-334050114
In base 14, what is 1b - -173d8a?
173da7
In base 9, what is -2202 - -13056?
10754
In base 5, what is 3243 + 234410?
243203
In base 12, what is 11 - -30a1b31?
30a1b42
In base 10, what is -2 - 19097623?
-19097625
In base 9, what is 10718 + -777?
8831
In base 3, what is -102110001121001 + 2?
-102110001120222
In base 14, what is 16 - 38c0aa?
-38c094
In base 5, what is -3342340 + 1114?
-3341221
In base 6, what is -4 + -154121154?
-154121202
In base 8, what is 126 + 3545256?
3545404
In base 15, what is -4 + -c8d838?
-c8d83c
In base 7, what is 5 - 1254420161?
-1254420153
In base 3, what is -201212221201 + -10120?
-201220002021
In base 4, what is 331223222111 - -1?
331223222112
In base 6, what is -505552 + -3333?
-513325
In base 16, what is 0 - -4e4567?
4e4567
In base 15, what is -1b30115 + -9?
-1b3011e
In base 13, what is -7 + 1a94070c?
1a940705
In base 15, what is 28cc + 9e0e?
c7db
In base 12, what is 8b86223 + -3?
8b86220
In base 15, what is -1 - -24a9b7?
24a9b6
In base 4, what is -3 + 100300210?
100300201
In base 2, what is -110000000101111101 - 10001100?
-110000001000001001
In base 2, what is 111001001 + -11000011100110010011?
-11000011011111001010
In base 14, what is 22d3207 - 4?
22d3203
In base 4, what is 20 + -101003310210?
-101003310130
In base 3, what is -11212100200201020 - -1?
-11212100200201012
In base 5, what is -1013 - -3320202?
3314134
In base 13, what is 8 + 201aa2?
201aaa
In base 4, what is -312200 + 23231?
-222303
In base 10, what is 32216664 + -4?
32216660
In base 3, what is -21120200 + -1001000?
-22121200
In base 3, what is -210002111 - -101221?
-202200120
In base 5, what is 332041423 + -4302?
332032121
In base 2, what is -1011010101 + 100111101000011?
100110001101110
In base 16, what is -b4c - 141?
-c8d
In base 16, what is -4 - 6bd69?
-6bd6d
In base 5, what is 1020104 - -310?
1020414
In base 15, what is 1 - 34e551?
-34e550
In base 3, what is -101012 - -10211000122?
10210122110
In base 15, what is 8d3e6ad - 0?
8d3e6ad
In base 6, what is 5 + 301033422?
301033431
In base 13, what is a - 64b5?
-64a8
In base 2, what is -1110101001010010101010 + -11?
-1110101001010010101101
In base 4, what is 3100 - -10133110?
10202210
In base 9, what is -1 - 4552251?
-4552252
In base 2, what is -10000001001010011101 + -110010?
-10000001001011001111
In base 13, what is -5 + 505bb11?
505bb09
In base 13, what is 103c + -1c243?
-1b204
In base 12, what is 5 - -9213754?
9213759
In base 9, what is 0 - -70002?
70002
In base 6, what is 2542205 - -11410?
2554015
In base 4, what is 10113221230 - -12?
10113221302
In base 16, what is 0 + -9331d8f?
-9331d8f
In base 14, what is 7539c1 + -1?
7539c0
In base 4, what is -2103321 - 313300?
-3023221
In base 12, what is -ab8057a + 0?
-ab8057a
In base 4, what is -3103201011303 - -1?
-3103201011302
In base 7, what is -4466354150 + -2?
-4466354152
In base 11, w